{"id":366,"date":"2025-07-30T15:54:37","date_gmt":"2025-07-30T13:54:37","guid":{"rendered":"https:\/\/elektrocomplete.pl\/?page_id=366"},"modified":"2025-08-19T10:45:58","modified_gmt":"2025-08-19T08:45:58","slug":"instalacja-domofonu","status":"publish","type":"page","link":"https:\/\/elektrocomplete.pl\/index.php\/instalacja-domofonu\/","title":{"rendered":"Smart Home"},"content":{"rendered":"\t\t<div data-elementor-type=\"wp-page\" data-elementor-id=\"366\" class=\"elementor elementor-366\">\n\t\t\t\t<div class=\"elementor-element elementor-element-16d2d375 e-flex e-con-boxed e-con e-parent\" data-id=\"16d2d375\" data-element_type=\"container\">\n\t\t\t\t\t<div class=\"e-con-inner\">\n\t\t\t\t<div class=\"elementor-element elementor-element-148f9209 elementor-widget__width-initial elementor-widget elementor-widget-text-editor\" data-id=\"148f9209\" data-element_type=\"widget\" data-widget_type=\"text-editor.default\">\n\t\t\t\t\t\t\t\t\t<figure class=\"wp-block-image aligncenter size-large is-resized\"><\/figure>\n<p><!-- \/wp:columns --><!-- wp:paragraph {\"style\":{\"elements\":{\"link\":{\"color\":{\"text\":\"var:preset|color|black\"}}}},\"backgroundColor\":\"white\",\"textColor\":\"black\",\"fontSize\":\"medium\"} --><\/p>\n<p><\/p>\n<p><span style=\"font-size: 18px;\">Je\u015bli planujesz w swoim domu system zarz\u0105dzania budynkiem, a nie wiesz<\/span><br \/><span style=\"font-size: 18px;\">jak sobie z tym poradzi\u0107, proponujemy sprawdzone rozwi\u0105zania szyte na<\/span><br \/><span style=\"font-size: 18px;\">miar\u0119 Twoich oczekiwa\u0144. Twoja wyobra\u017ania i mo\u017cliwo\u015bci techniki spowoduj\u0105, <\/span><span style=\"font-size: 18px;\">\u017ce w prosty spos\u00f3b umo\u017cliwimy Ci sterowanie wieloma urz\u0105dzeniami w domu <\/span><span style=\"font-size: 18px;\">i najbli\u017cszym otoczeniu oraz zaprogramujemy ich automatyczn\u0105 reakcj\u0119 na <\/span><span style=\"font-size: 18px;\">bod\u017ace zewn\u0119trzne. A to wszystko dodatkowo mo\u017cna sterowa\u0107 z poziomu smartphona, <\/span><span style=\"font-size: 18px;\">tableta lub innego medium. Inwestycja w instalacj\u0119 Smart Home obni\u017ca koszty eksploatacji<\/span><br \/><span style=\"font-size: 18px;\">nieruchomo\u015bci, szczeg\u00f3lnie pod k\u0105tem zu\u017cycia ciep\u0142a i pr\u0105du. To sprawia, \u017ce <\/span><span style=\"font-size: 18px;\">automatyka domowa ma zastosowanie w wielu nowoczesnych,\u00a0<\/span><span style=\"font-size: 18px;\">energooszcz\u0119dnych domach. Rozwi\u0105zania Smart Home podnosz\u0105 warto\u015b\u0107\u00a0<\/span><span style=\"font-size: 18px;\">Twojej nieruchomo\u015bci. Czy zale\u017cy Ci na automatycznym zarz\u0105dzaniu mikroklimatem w domu?\u00a0<\/span><span style=\"font-size: 18px;\">Marzysz <br \/>o inteligentnym o\u015bwietleniu, kt\u00f3re samoczynnie dopasowuje si\u0119 do\u00a0<\/span><span style=\"font-size: 18px;\">pory dnia i tworzy odpowiedni nastr\u00f3j? Czy mo\u017ce interesuje Ci\u0119 ustawienie\u00a0<\/span><span style=\"font-size: 18px;\">scen zaprogramowanych pod Twoje rozwi\u0105zania? Czy chcesz zwi\u0119kszy\u0107 bezpiecze\u0144stwo, wygod\u0119,\u00a0<\/span><span style=\"font-size: 18px;\">komfort czy poziom \u017cycia? Je\u015bli odpowied\u017a brzmi tak, to zapraszamy do wsp\u00f3\u0142pracy.<\/span><\/p>\n<p><!-- \/wp:paragraph --><\/p>\t\t\t\t\t\t\t\t<\/div>\n\t\t\t\t\t<\/div>\n\t\t\t\t<\/div>\n\t\t\t\t<\/div>\n\t\t","protected":false},"excerpt":{"rendered":"<p>Je\u015bli planujesz w swoim domu system zarz\u0105dzania budynkiem, a nie wieszjak sobie z tym poradzi\u0107, proponujemy sprawdzone rozwi\u0105zania szyte namiar\u0119 &hellip; <a href=\"https:\/\/elektrocomplete.pl\/index.php\/instalacja-domofonu\/\" class=\"more-link\">Czytaj dalej <span class=\"screen-reader-text\">Smart Home<\/span><\/a><\/p>\n","protected":false},"author":2,"featured_media":0,"parent":0,"menu_order":0,"comment_status":"closed","ping_status":"closed","template":"","meta":{"footnotes":""},"class_list":["post-366","page","type-page","status-publish","hentry"],"jetpack_sharing_enabled":true,"_links":{"self":[{"href":"https:\/\/elektrocomplete.pl\/index.php\/wp-json\/wp\/v2\/pages\/366","targetHints":{"allow":["GET"]}}],"collection":[{"href":"https:\/\/elektrocomplete.pl\/index.php\/wp-json\/wp\/v2\/pages"}],"about":[{"href":"https:\/\/elektrocomplete.pl\/index.php\/wp-json\/wp\/v2\/types\/page"}],"author":[{"embeddable":true,"href":"https:\/\/elektrocomplete.pl\/index.php\/wp-json\/wp\/v2\/users\/2"}],"replies":[{"embeddable":true,"href":"https:\/\/elektrocomplete.pl\/index.php\/wp-json\/wp\/v2\/comments?post=366"}],"version-history":[{"count":49,"href":"https:\/\/elektrocomplete.pl\/index.php\/wp-json\/wp\/v2\/pages\/366\/revisions"}],"predecessor-version":[{"id":771,"href":"https:\/\/elektrocomplete.pl\/index.php\/wp-json\/wp\/v2\/pages\/366\/revisions\/771"}],"wp:attachment":[{"href":"https:\/\/elektrocomplete.pl\/index.php\/wp-json\/wp\/v2\/media?parent=366"}],"curies":[{"name":"wp","href":"https:\/\/api.w.org\/{rel}","templated":true}]}}