{"id":344,"date":"2025-07-30T15:45:22","date_gmt":"2025-07-30T13:45:22","guid":{"rendered":"https:\/\/elektrocomplete.pl\/?page_id=344"},"modified":"2025-08-12T14:26:35","modified_gmt":"2025-08-12T12:26:35","slug":"monitoring","status":"publish","type":"page","link":"https:\/\/elektrocomplete.pl\/index.php\/monitoring\/","title":{"rendered":"Monitoring"},"content":{"rendered":"\t\t<div data-elementor-type=\"wp-page\" data-elementor-id=\"344\" class=\"elementor elementor-344\">\n\t\t\t\t<div class=\"elementor-element elementor-element-142480a3 e-flex e-con-boxed e-con e-parent\" data-id=\"142480a3\" data-element_type=\"container\">\n\t\t\t\t\t<div class=\"e-con-inner\">\n\t\t\t\t<div class=\"elementor-element elementor-element-2dadbb10 elementor-widget elementor-widget-text-editor\" data-id=\"2dadbb10\" data-element_type=\"widget\" data-widget_type=\"text-editor.default\">\n\t\t\t\t\t\t\t\t\t<div class=\"wp-block-columns\">\n<p><\/p><\/div>\n<p class=\"has-black-color has-white-background-color has-text-color has-background has-link-color has-medium-font-size\">W dzisiejszych czasach dobrze mie\u0107 podgl\u0105d na \u201eswoje podw\u00f3rko\u201d.&nbsp;<br>A czy mo\u017cna podejrze\u0107 ten obraz na smartphonie lub komputerze? Pewnie, \u017ce tak. Niezawodny system monitoringu to bezpiecze\u0144stwo Twojego domu, firmy, parkingu lub innego obiektu. Nasze do\u015bwiadczenie pomo\u017ce odpowiednio dobra\u0107 zar\u00f3wno rejestrator, okablowanie jak i kamery. Dobrze skonfigurowana telewizja przemys\u0142owa sprawia skuteczn\u0105 i efektywn\u0105 ochron\u0119 Twojego mienia. Wykonujemy zar\u00f3wno ma\u0142e instalacj\u0119 domowe, w sklepie, jak r\u00f3wnie\u017c du\u017ce systemy na halach produkcyjnych czy osiedlach. W zale\u017cno\u015bci <br>od potrzeb inwestora pod wzgl\u0119dem jako\u015bci mo\u017cemy zaproponowa\u0107 Pa\u0144stwu systemy AHD, HD, IP.<\/p>\n<p><!-- \/wp:paragraph --><!-- wp:columns --><\/p>\n<div class=\"wp-block-columns\">\n<p><!-- wp:column {\"backgroundColor\":\"white\"} --><\/p>\n<div class=\"wp-block-column has-white-background-color has-background\">&nbsp;&nbsp;<\/div>\n<p><!-- \/wp:column --><\/p>\n<\/div>\n<p><!-- \/wp:columns --><!-- wp:paragraph --><\/p>\n<p><!-- \/wp:paragraph --><\/p>\t\t\t\t\t\t\t\t<\/div>\n\t\t\t\t\t<\/div>\n\t\t\t\t<\/div>\n\t\t\t\t<\/div>\n\t\t","protected":false},"excerpt":{"rendered":"<p>W dzisiejszych czasach dobrze mie\u0107 podgl\u0105d na \u201eswoje podw\u00f3rko\u201d.&nbsp;A czy mo\u017cna podejrze\u0107 ten obraz na smartphonie lub komputerze? Pewnie, \u017ce &hellip; <a href=\"https:\/\/elektrocomplete.pl\/index.php\/monitoring\/\" class=\"more-link\">Czytaj dalej <span class=\"screen-reader-text\">Monitoring<\/span><\/a><\/p>\n","protected":false},"author":2,"featured_media":0,"parent":0,"menu_order":0,"comment_status":"closed","ping_status":"closed","template":"","meta":{"footnotes":""},"class_list":["post-344","page","type-page","status-publish","hentry"],"jetpack_sharing_enabled":true,"_links":{"self":[{"href":"https:\/\/elektrocomplete.pl\/index.php\/wp-json\/wp\/v2\/pages\/344","targetHints":{"allow":["GET"]}}],"collection":[{"href":"https:\/\/elektrocomplete.pl\/index.php\/wp-json\/wp\/v2\/pages"}],"about":[{"href":"https:\/\/elektrocomplete.pl\/index.php\/wp-json\/wp\/v2\/types\/page"}],"author":[{"embeddable":true,"href":"https:\/\/elektrocomplete.pl\/index.php\/wp-json\/wp\/v2\/users\/2"}],"replies":[{"embeddable":true,"href":"https:\/\/elektrocomplete.pl\/index.php\/wp-json\/wp\/v2\/comments?post=344"}],"version-history":[{"count":33,"href":"https:\/\/elektrocomplete.pl\/index.php\/wp-json\/wp\/v2\/pages\/344\/revisions"}],"predecessor-version":[{"id":591,"href":"https:\/\/elektrocomplete.pl\/index.php\/wp-json\/wp\/v2\/pages\/344\/revisions\/591"}],"wp:attachment":[{"href":"https:\/\/elektrocomplete.pl\/index.php\/wp-json\/wp\/v2\/media?parent=344"}],"curies":[{"name":"wp","href":"https:\/\/api.w.org\/{rel}","templated":true}]}}